{"id":123,"date":"2021-02-01T16:07:27","date_gmt":"2021-02-01T16:07:27","guid":{"rendered":"https:\/\/kita-sonnenblume-hamburg.de\/?page_id=123"},"modified":"2023-09-14T09:35:46","modified_gmt":"2023-09-14T09:35:46","slug":"projekte","status":"publish","type":"page","link":"https:\/\/kita-sonnenblume-hamburg.de\/?page_id=123","title":{"rendered":"Projekte"},"content":{"rendered":"\n<p><strong>Projekte und gezielte p\u00e4dagogische Angebote f\u00fcr die Kinder nehmen bei uns einen gro\u00dfen Raum ein. Hier kn\u00fcpfen wir an den Bed\u00fcrfnissen und Erfahrungen der Kinder an. Die Inhalte und die Umsetzung eines Projektes werden mit den Kindern und ihren Eltern gemeinsam geplant, entwickelt und durchgef\u00fchrt.<br><br>Beispiele:<br><\/strong><\/p>\n\n\n\n<ul class=\"wp-block-list\">\n<li>Bunter Nachmittag mit \u00dcberraschungvorf\u00fchrung der Kinder f\u00fcr die Eltern<\/li>\n\n\n\n<li>Vorschulgruppe: diverse Ausfl\u00fcge, z.B. zum Umweltzentrum, in die B\u00fccherhalle, ins Museum, sowie die Durchf\u00fchrung eines Schlafabends in der Kita<\/li>\n<\/ul>\n","protected":false},"excerpt":{"rendered":"<p>Projekte und gezielte p\u00e4dagogische Angebote f\u00fcr die Kinder nehmen bei uns einen gro\u00dfen Raum ein. Hier kn\u00fcpfen wir an den Bed\u00fcrfnissen und Erfahrungen der Kinder an. Die Inhalte und die Umsetzung eines Projektes werden mit den Kindern und ihren Eltern gemeinsam geplant, entwickelt und durchgef\u00fchrt. Beispiele:<\/p>\n","protected":false},"author":1,"featured_media":0,"parent":15,"menu_order":26,"comment_status":"closed","ping_status":"closed","template":"","meta":{"_uag_custom_page_level_css":"","ngg_post_thumbnail":0,"footnotes":""},"class_list":["post-123","page","type-page","status-publish","hentry"],"uagb_featured_image_src":{"full":false,"thumbnail":false,"medium":false,"medium_large":false,"large":false,"1536x1536":false,"2048x2048":false},"uagb_author_info":{"display_name":"admin","author_link":"https:\/\/kita-sonnenblume-hamburg.de\/?author=1"},"uagb_comment_info":0,"uagb_excerpt":"Projekte und gezielte p\u00e4dagogische Angebote f\u00fcr die Kinder nehmen bei uns einen gro\u00dfen Raum ein. Hier kn\u00fcpfen wir an den Bed\u00fcrfnissen und Erfahrungen der Kinder an. Die Inhalte und die Umsetzung eines Projektes werden mit den Kindern und ihren Eltern gemeinsam geplant, entwickelt und durchgef\u00fchrt. Beispiele:","_links":{"self":[{"href":"https:\/\/kita-sonnenblume-hamburg.de\/index.php?rest_route=\/wp\/v2\/pages\/123","targetHints":{"allow":["GET"]}}],"collection":[{"href":"https:\/\/kita-sonnenblume-hamburg.de\/index.php?rest_route=\/wp\/v2\/pages"}],"about":[{"href":"https:\/\/kita-sonnenblume-hamburg.de\/index.php?rest_route=\/wp\/v2\/types\/page"}],"author":[{"embeddable":true,"href":"https:\/\/kita-sonnenblume-hamburg.de\/index.php?rest_route=\/wp\/v2\/users\/1"}],"replies":[{"embeddable":true,"href":"https:\/\/kita-sonnenblume-hamburg.de\/index.php?rest_route=%2Fwp%2Fv2%2Fcomments&post=123"}],"version-history":[{"count":2,"href":"https:\/\/kita-sonnenblume-hamburg.de\/index.php?rest_route=\/wp\/v2\/pages\/123\/revisions"}],"predecessor-version":[{"id":514,"href":"https:\/\/kita-sonnenblume-hamburg.de\/index.php?rest_route=\/wp\/v2\/pages\/123\/revisions\/514"}],"up":[{"embeddable":true,"href":"https:\/\/kita-sonnenblume-hamburg.de\/index.php?rest_route=\/wp\/v2\/pages\/15"}],"wp:attachment":[{"href":"https:\/\/kita-sonnenblume-hamburg.de\/index.php?rest_route=%2Fwp%2Fv2%2Fmedia&parent=123"}],"curies":[{"name":"wp","href":"https:\/\/api.w.org\/{rel}","templated":true}]}}