{"id":132,"date":"2021-02-01T16:15:52","date_gmt":"2021-02-01T16:15:52","guid":{"rendered":"https:\/\/kita-sonnenblume-hamburg.de\/?page_id=132"},"modified":"2025-12-15T13:15:05","modified_gmt":"2025-12-15T13:15:05","slug":"kindergarten-foerderverein","status":"publish","type":"page","link":"https:\/\/kita-sonnenblume-hamburg.de\/?page_id=132","title":{"rendered":"Kindergarten-F\u00f6rderverein"},"content":{"rendered":"\n<p>Der F\u00f6rderverein unseres Kindergartens finanziert besondere Aktivit\u00e4ten f\u00fcr unsere Kinder. Naturkunde, Joga und Anschaffungen, die nicht aus den Mitteln der Kita bestritten werden k\u00f6nnen.<\/p>\n\n\n\n<p>Unser F\u00f6rderverein z\u00e4hlt \u00fcber 70 Mitglieder. Einige Mitglieder halten uns schon \u00fcber 30 Jahre die Treue, die meisten Mitglieder sind aber die Eltern der aktuell betreuten Kinder. Aber auch Omas und Opas sind dabei. Wenn auch Sie f\u00fcr einem Mindestjahresbetrag von 36,- EURO pro Kalenderjahr (gern auch mehr, knapp 10 Mitglieder zahlen einen Jahresbeitrag von 100,- EURO oder mehr) Mitglied werden m\u00f6chten, nutzen Sie bitte unsere Beitrittserkl\u00e4rung:<\/p>\n\n\n\n<p><strong><u><a href=\"https:\/\/kita-sonnenblume-hamburg.de\/wp-content\/uploads\/2025\/12\/251212-Beitrittserklaerung-Verein-des-kath.-Kindergartens-Hamburg-Rahlstedt-e.V.-04-0-AS.pdf\" target=\"_blank\" rel=\"noreferrer noopener\">Beitrittserkl\u00e4rung<\/a><\/u><\/strong><\/p>\n\n\n\n<p>Machen auch Sie mit und werden Sie Mitglied!<\/p>\n\n\n\n<p>Sie k\u00f6nnen die Aktivit\u00e4ten des F\u00f6rdervereins jederzeit auch mit einer einmaligen Spende unterst\u00fctzen:<\/p>\n\n\n\n<ul class=\"wp-block-list\">\n<li><strong>Empf\u00e4nger:<\/strong>&nbsp;&nbsp;&nbsp;&nbsp;&nbsp;&nbsp;&nbsp;&nbsp;&nbsp;&nbsp;&nbsp;&nbsp;&nbsp;&nbsp;&nbsp;&nbsp;&nbsp;&nbsp;&nbsp;&nbsp;&nbsp; Verein des Katholischen Kindergartens Hamburg-Rahlstedt e.V.<\/li>\n\n\n\n<li><strong>Bankverbindung:<\/strong>&nbsp;&nbsp;&nbsp;&nbsp;&nbsp;&nbsp;&nbsp;&nbsp;&nbsp;&nbsp;&nbsp; Holsteinische Sparkasse<\/li>\n\n\n\n<li><strong>IBAN:<\/strong>&nbsp;&nbsp;&nbsp;&nbsp;&nbsp;&nbsp;&nbsp;&nbsp;&nbsp;&nbsp;&nbsp;&nbsp;&nbsp;&nbsp;&nbsp;&nbsp;&nbsp;&nbsp;&nbsp;&nbsp;&nbsp;&nbsp;&nbsp;&nbsp;&nbsp;&nbsp;&nbsp;&nbsp;&nbsp;&nbsp; DE58 2135 2240 0187 0905 76<\/li>\n\n\n\n<li><strong>Verwendungszweck:<\/strong>&nbsp;&nbsp;&nbsp;&nbsp;&nbsp; Spende<\/li>\n<\/ul>\n\n\n\n<p>Spenden bis zu einem Betrag von 300,- Euro pro Einzelspende k\u00f6nnen mit einem vereinfachten Nachweis, wie einem Kontoauszug, in der Steuererkl\u00e4rung geltend gemacht werden. Auf dem Kontoauszug m\u00fcssen Name und Kontonummer des Spenders und Empf\u00e4ngers, der Betrag, der Buchungstag sowie die tats\u00e4chliche Durchf\u00fchrung der Zahlung ersichtlich sein.<\/p>\n\n\n\n<p>Zus\u00e4tzlich finanziert sich der F\u00f6rderverein durch Spendenantr\u00e4ge und vor allem durch Aktionen, z.B. beim Kita-Sommerfest oder in der Gemeinde. Auch hier sind helfende H\u00e4nde und Ideen immer willkommen.<\/p>\n\n\n\n<p><a href=\"https:\/\/kita-sonnenblume-hamburg.de\/wp-content\/uploads\/2025\/12\/220516-Vereinssatzung-Verein-des-Kath.-Kindergartens-Hamburg-Rahlstedt-e.V.-01-0.pdf\" target=\"_blank\" rel=\"noreferrer noopener\">Die Satzung unseres F\u00f6rdervereins finden Sie hier<\/a>.<\/p>\n\n\n\n<p>Ihre Ansprechpartner f\u00fcr den F\u00f6rderverein sind<\/p>\n\n\n\n<p>Andreas Steenbock (1. Vorsitzender, <a href=\"mailto:steenbock@green-ibex.de\">steenbock@green-ibex.de<\/a>)<br>Benjamin M\u00f6ller (stellvertretender Vorsitzender und Rechnungsf\u00fchrer)<\/p>\n","protected":false},"excerpt":{"rendered":"<p>Der F\u00f6rderverein unseres Kindergartens finanziert besondere Aktivit\u00e4ten f\u00fcr unsere Kinder. Naturkunde, Joga und Anschaffungen, die nicht aus den Mitteln der Kita bestritten werden k\u00f6nnen. Unser F\u00f6rderverein z\u00e4hlt \u00fcber 70 Mitglieder. Einige Mitglieder halten uns schon \u00fcber 30 Jahre die Treue, die meisten Mitglieder sind aber die Eltern der aktuell betreuten Kinder. Aber auch Omas und &hellip;<\/p>\n<p class=\"read-more\"> <a class=\"\" href=\"https:\/\/kita-sonnenblume-hamburg.de\/?page_id=132\"> <span class=\"screen-reader-text\">Kindergarten-F\u00f6rderverein<\/span> Weiterlesen &raquo;<\/a><\/p>\n","protected":false},"author":1,"featured_media":0,"parent":0,"menu_order":34,"comment_status":"closed","ping_status":"closed","template":"","meta":{"_uag_custom_page_level_css":"","ngg_post_thumbnail":0,"footnotes":""},"class_list":["post-132","page","type-page","status-publish","hentry"],"uagb_featured_image_src":{"full":false,"thumbnail":false,"medium":false,"medium_large":false,"large":false,"1536x1536":false,"2048x2048":false},"uagb_author_info":{"display_name":"admin","author_link":"https:\/\/kita-sonnenblume-hamburg.de\/?author=1"},"uagb_comment_info":0,"uagb_excerpt":"Der F\u00f6rderverein unseres Kindergartens finanziert besondere Aktivit\u00e4ten f\u00fcr unsere Kinder. Naturkunde, Joga und Anschaffungen, die nicht aus den Mitteln der Kita bestritten werden k\u00f6nnen. Unser F\u00f6rderverein z\u00e4hlt \u00fcber 70 Mitglieder. Einige Mitglieder halten uns schon \u00fcber 30 Jahre die Treue, die meisten Mitglieder sind aber die Eltern der aktuell betreuten Kinder. Aber auch Omas und&hellip;","_links":{"self":[{"href":"https:\/\/kita-sonnenblume-hamburg.de\/index.php?rest_route=\/wp\/v2\/pages\/132","targetHints":{"allow":["GET"]}}],"collection":[{"href":"https:\/\/kita-sonnenblume-hamburg.de\/index.php?rest_route=\/wp\/v2\/pages"}],"about":[{"href":"https:\/\/kita-sonnenblume-hamburg.de\/index.php?rest_route=\/wp\/v2\/types\/page"}],"author":[{"embeddable":true,"href":"https:\/\/kita-sonnenblume-hamburg.de\/index.php?rest_route=\/wp\/v2\/users\/1"}],"replies":[{"embeddable":true,"href":"https:\/\/kita-sonnenblume-hamburg.de\/index.php?rest_route=%2Fwp%2Fv2%2Fcomments&post=132"}],"version-history":[{"count":4,"href":"https:\/\/kita-sonnenblume-hamburg.de\/index.php?rest_route=\/wp\/v2\/pages\/132\/revisions"}],"predecessor-version":[{"id":655,"href":"https:\/\/kita-sonnenblume-hamburg.de\/index.php?rest_route=\/wp\/v2\/pages\/132\/revisions\/655"}],"wp:attachment":[{"href":"https:\/\/kita-sonnenblume-hamburg.de\/index.php?rest_route=%2Fwp%2Fv2%2Fmedia&parent=132"}],"curies":[{"name":"wp","href":"https:\/\/api.w.org\/{rel}","templated":true}]}}