{"id":15,"date":"2021-02-01T15:27:55","date_gmt":"2021-02-01T15:27:55","guid":{"rendered":"https:\/\/kita-sonnenblume-hamburg.de\/?page_id=15"},"modified":"2021-02-01T15:59:05","modified_gmt":"2021-02-01T15:59:05","slug":"was-bieten-wir","status":"publish","type":"page","link":"https:\/\/kita-sonnenblume-hamburg.de\/?page_id=15","title":{"rendered":"WAS BIETEN WIR?"},"content":{"rendered":"\n<p><strong>Unsere Einrichtung ist<\/strong><\/p>\n\n\n\n<p><strong>f\u00fcr Kinder ab 1 Jahr (Krippe) sowie<br>f\u00fcr Kinder im Elementarbereich ab 2,5 bis 6 Jahren<\/strong><\/p>\n\n\n\n<p><strong>ausgerichtet.<\/strong><\/p>\n\n\n\n<p><strong>Neben den allgemeinen Leistungen werden weitere Leistungen wie folgt erbracht bzw. angeboten:<br><br><\/strong><strong>&#8211; Einsatz einer Umweltp\u00e4dagogin<\/strong><\/p>\n\n\n\n<p><strong>&#8211; musikalische Fr\u00fcherziehung<br><br>&#8211; Yoga in Kleingruppen<\/strong><\/p>\n\n\n\n<p><strong>Unsere Einrichtung ist auch sehr aktiv, wenn es darum geht, Ihr Kind auf die Schule vorzubereiten.<br><br>Im Rahmen des Kita-Br\u00fcckenjahres stehen wir den Eltern f\u00fcr die Entscheidung zur Verf\u00fcgung, ihr Kind bis zur Einschulung in der Kita zu belassen oder auf die Vorschule zu wechseln.<\/strong><\/p>\n","protected":false},"excerpt":{"rendered":"<p>Unsere Einrichtung ist f\u00fcr Kinder ab 1 Jahr (Krippe) sowief\u00fcr Kinder im Elementarbereich ab 2,5 bis 6 Jahren ausgerichtet. Neben den allgemeinen Leistungen werden weitere Leistungen wie folgt erbracht bzw. angeboten: &#8211; Einsatz einer Umweltp\u00e4dagogin &#8211; musikalische Fr\u00fcherziehung &#8211; Yoga in Kleingruppen Unsere Einrichtung ist auch sehr aktiv, wenn es darum geht, Ihr Kind auf &hellip;<\/p>\n<p class=\"read-more\"> <a class=\"\" href=\"https:\/\/kita-sonnenblume-hamburg.de\/?page_id=15\"> <span class=\"screen-reader-text\">WAS BIETEN WIR?<\/span> Weiterlesen &raquo;<\/a><\/p>\n","protected":false},"author":1,"featured_media":0,"parent":0,"menu_order":20,"comment_status":"closed","ping_status":"closed","template":"","meta":{"_uag_custom_page_level_css":"","ngg_post_thumbnail":0,"footnotes":""},"class_list":["post-15","page","type-page","status-publish","hentry"],"uagb_featured_image_src":{"full":false,"thumbnail":false,"medium":false,"medium_large":false,"large":false,"1536x1536":false,"2048x2048":false},"uagb_author_info":{"display_name":"admin","author_link":"https:\/\/kita-sonnenblume-hamburg.de\/?author=1"},"uagb_comment_info":0,"uagb_excerpt":"Unsere Einrichtung ist f\u00fcr Kinder ab 1 Jahr (Krippe) sowief\u00fcr Kinder im Elementarbereich ab 2,5 bis 6 Jahren ausgerichtet. Neben den allgemeinen Leistungen werden weitere Leistungen wie folgt erbracht bzw. angeboten: &#8211; Einsatz einer Umweltp\u00e4dagogin &#8211; musikalische Fr\u00fcherziehung &#8211; Yoga in Kleingruppen Unsere Einrichtung ist auch sehr aktiv, wenn es darum geht, Ihr Kind auf&hellip;","_links":{"self":[{"href":"https:\/\/kita-sonnenblume-hamburg.de\/index.php?rest_route=\/wp\/v2\/pages\/15","targetHints":{"allow":["GET"]}}],"collection":[{"href":"https:\/\/kita-sonnenblume-hamburg.de\/index.php?rest_route=\/wp\/v2\/pages"}],"about":[{"href":"https:\/\/kita-sonnenblume-hamburg.de\/index.php?rest_route=\/wp\/v2\/types\/page"}],"author":[{"embeddable":true,"href":"https:\/\/kita-sonnenblume-hamburg.de\/index.php?rest_route=\/wp\/v2\/users\/1"}],"replies":[{"embeddable":true,"href":"https:\/\/kita-sonnenblume-hamburg.de\/index.php?rest_route=%2Fwp%2Fv2%2Fcomments&post=15"}],"version-history":[{"count":2,"href":"https:\/\/kita-sonnenblume-hamburg.de\/index.php?rest_route=\/wp\/v2\/pages\/15\/revisions"}],"predecessor-version":[{"id":111,"href":"https:\/\/kita-sonnenblume-hamburg.de\/index.php?rest_route=\/wp\/v2\/pages\/15\/revisions\/111"}],"wp:attachment":[{"href":"https:\/\/kita-sonnenblume-hamburg.de\/index.php?rest_route=%2Fwp%2Fv2%2Fmedia&parent=15"}],"curies":[{"name":"wp","href":"https:\/\/api.w.org\/{rel}","templated":true}]}}